) = 24*p**3 + 2*p**2 + 4893*p - 24467. Determine g(5).
3048
Let b(n) = -2622*n + 13475. Give b(5).
365
Let m(l) = 124*l - 21340. What is m(173)?
112
Let p(a) = -32*a**2 - 280*a + 330. Determine p(-10).
-70
Let r(b) = -15857*b - 364716. What is r(-23)?
-5
Let d(a) = -17*a**2 - 4740*a + 20109. Determine d(-283).
16
Let l(v) = -770*v - 38354. Give l(-50).
146
Let w(p) = -296*p - 14573. Calculate w(-47).
-661
Let z(t) = 9452*t - 245762. Give z(26).
-10
Let y(o) = 18*o**3 - 1096*o**2 - 1090*o + 8. Calculate y(-1).
-16
Let y(p) = -p**2 + 28769*p + 431758. What is y(-15)?
-2
Let q(f) = 2642*f - 53991. Calculate q(21).
1491
Let s(m) = m**2 + 1270*m - 4454391. Give s(1569).
0
Let r(p) = 2*p**3 - 107*p**2 - 76*p - 25880. Calculate r(58).
-12
Let l(w) = -1099*w + 36309. Give l(32).
1141
Let n(a) = 30*a**2 + 164*a - 2941. Determine n(-13).
-3
Let c(p) = 1332*p + 28050. What is c(-21)?
78
Let z(m) = 6*m**2 + 43*m - 3318. Determine z(20).
-58
Let p(n) = -1538*n - 118421. Calculate p(-77).
5
Let z(t) = -t**3 + 42*t**2 + 1064*t. What is z(-18)?
288
Let x(t) = 230*t - 2288. Determine x(10).
12
Let g(v) = v**3 + 39*v**2 + 163*v - 35. Determine g(-34).
203
Let i(v) = -811*v - 563740. Give i(-695).
-95
Let n(z) = z**2 + 181626*z - 1634728. What is n(9)?
-13
Let h(b) = 3*b**2 - 112*b - 507. Give h(42).
81
Let u(p) = 1899*p - 7582. Determine u(4).
14
Let j(t) = t**2 + 16*t - 59487. Calculate j(-252).
-15
Let w(q) = -10*q**2 - 132*q - 687. Determine w(-9).
-309
Let a(w) = -6*w**3 - 959*w**2 + 29200*w - 378. Calculate a(-186).
-6
Let n(j) = 156*j**3 + 939*j**2 + 7*j - 49. Calculate n(-6).
17
Let o(d) = 3*d**2 - 499*d + 772. Give o(166).
606
Let k(o) = -4798*o + 427141. What is k(89)?
119
Let q(p) = -745*p**2 - 61067*p + 1885. What is q(-82)?
-1
Let g(h) = -h**2 + 35077*h + 631716. Calculate g(-18).
6
Let f(a) = 34*a - 3544. Determine f(104).
-8
Let r(f) = -367621*f - 735243. Give r(-2).
-1
Let q(b) = -487*b**2 - 10719*b - 322. Calculate q(-22).
-212
Let x(c) = 4*c**2 - 92*c - 2717. What is x(-17)?
3
Let r(v) = -6*v**2 + 285*v - 1804. Determine r(38).
362
Let o(l) = 3*l**2 + 296*l + 183. Give o(-98).
-13
Let b(f) = -3*f**2 + 2589*f - 294647. What is b(135)?
193
Let d(l) = -454*l + 16453. Determine d(49).
-5793
Let p(v) = 6*v**3 - 32*v**2 + 465*v - 1266. What is p(3)?
3
Let m(c) = c**3 + 14*c**2 - 571*c - 6109. Give m(-10).
1
Let s(v) = v**3 + 110*v**2 + 289*v - 3188. What is s(-107)?
236
Let d(h) = h**3 + 25*h**2 + 165*h + 9624. Determine d(-30).
174
Let s(q) = -4*q**3 - 138*q**2 + 100*q + 479. Determine s(-35).
-571
Let a(f) = -2*f**2 + 1015*f - 43431. What is a(47)?
-144
Let k(c) = -c**3 + 18*c**2 + 43*c - 482. What is k(6)?
208
Let l(t) = 497*t + 426504. Calculate l(-858).
78
Let q(k) = k**3 - 14*k**2 + 32*k - 1482. Calculate q(17).
-71
Let b(x) = 4*x**2 - 243*x - 6474. Calculate b(80).
-314
Let a(o) = -o**3 - 473*o**2 - 5*o - 2293. Calculate a(-473).
72
Let d(m) = 844*m**2 + 511*m + 511. Give d(-1).
844
Let f(i) = -i**3 - 30*i**2 - 164*i + 773. What is f(-21)?
248
Let d(a) = 542*a - 34067. Determine d(63).
79
Let v(u) = 19*u**2 + 58372*u + 174955. Calculate v(-3).
10
Let z(n) = -1735*n**2 + 5027*n + 534. Give z(3).
0
Let y(l) = 9*l**3 - 51*l**2 + 85*l + 23. Calculate y(2).
61
Let y(m) = 175344*m + 4558910. Determine y(-26).
-34
Let r(p) = 57370*p - 458993. What is r(8)?
-33
Let o(b) = -b**3 - 125*b**2 - 26*b + 12406. Determine o(-124).
254
Let u(h) = -h**3 + 18*h**2 - 36*h + 1057. Calculate u(22).
-1671
Let v(o) = -o**3 - 48*o**2 - 446*o + 971. What is v(-34)?
-49
Let c(l) = 557*l**2 + 11135*l - 1. What is c(-20)?
99
Let v(z) = 1015*z + 15821. Determine v(-16).
-419
Let p(x) = -x**3 + 4*x**2 + 2025*x + 212. Calculate p(47).
400
Let k(f) = -f**2 + 636*f - 17032. Calculate k(608).
-8
Let w(a) = 184*a**3 + 596*a**2 + 9*a + 34. Give w(-3).
403
Let s(g) = 218*g + 15336. Calculate s(-70).
76
Let x(d) = 197*d**2 - 1916*d - 2764. What is x(11)?
-3
Let v(j) = 17*j**3 - 543*j**2 - 5*j + 103. Give v(32).
967
Let v(s) = 3284*s + 120388. What is v(-37)?
-1120
Let v(l) = -2*l**2 - 234*l - 6992. Give v(-57).
-152
Let f(s) = 18*s**2 + 1542*s + 542. Give f(-85).
-478
Let y(h) = -637*h - 70623. What is y(-111)?
84
Let y(h) = h**2 - 2186*h + 935209. Calculate y(584).
-359
Let v(k) = -1295*k + 21997. Determine v(17).
-18
Let p(k) = -1290*k - 263191. Calculate p(-204).
-31
Let p(b) = 37*b**3 - 4071*b**2 + 104*b + 1096. What is p(110)?
436
Let h(p) = 21279*p + 42514. What is h(-2)?
-44
Let s(b) = 5*b**3 + 39*b**2 - 603*b - 954. Give s(-15).
-9
Let f(w) = -1166*w + 227387. Give f(195).
17
Let s(h) = -2*h**3 + 65*h**2 + 2591*h + 4240. Determine s(-22).
-6
Let k(m) = -m**3 - 85*m**2 - 24*m - 838. What is k(-85)?
1202
Let x(o) = -3*o**3 - 626*o**2 - 3447*o + 1005. What is x(-203)?
193
Let r(u) = 3042*u + 319421. Calculate r(-105).
11
Let o(b) = -31*b - 18. Give o(2).
-80
Let l(p) = 5*p**2 - 9678*p + 86709. Give l(9).
12
Let k(o) = 5*o**3 - 474*o**2 - 98*o - 97. Give k(95).
-382
Let p(i) = -5*i**3 + 39*i**2 - 56*i - 5. Determine p(2).
-1
Let r(n) = -55*n**2 + 390*n + 106. Determine r(-3).
-1559
Let r(l) = -1444*l**3 + 1103216*l**2 + 2*l - 1513. Give r(764).
15
Let t(n) = -23*n**3 + n**2 - 3*n + 9. Give t(3).
-612
Let n(l) = 257*l**2 - 22*l - 24. Calculate n(2).
960
Let h(z) = 26240*z + 155973. Give h(-6).
-1467
Let l(r) = -188*r**2 - 46*r + 15637. Give l(9).
-5
Let f(p) = -74969*p + 1124650. Determine f(15).
115
Let i(n) = -17*n**2 + 4234*n + 3999. What is i(250)?
-1
Let t(g) = 21003*g + 11635657. Determine t(-554).
-5
Let x(y) = -2*y**3 - 35*y**2 + 4702*y + 84304. What is x(-18)?
-8
Let q(r) = -2460*r + 255836. Give q(104).
-4
Let a(h) = 81111*h - 243334. Calculate a(3).
-1
Let p(v) = -v**2 - 194*v - 7296. Determine p(-51).
-3
Let s(i) = 9*i**3 - 34*i**2 + 887*i - 3541. Determine s(4).
39
Let z(c) = -12440*c + 199065. Determine z(16).
25
Let r(p) = 91*p - 13788. Determine r(142).
-866
Let m(u) = 186*u + 2337. Determine m(-15).
-453
Let d(j) = 9*j**2 - 126*j - 1523. What is d(-8)?
61
Let l(x) = -227*x - 51490. Determine l(-227).
39
Let w(h) = 13*h**2 + 479*h - 99949. What is w(-108)?
-49
Let i(u) = 77*u**3 - 585*u**2 - 241*u + 4. Determine i(8).
60
Let a(l) = -l**2 - 81*l - 1760. What is a(-36)?
-140
Let m(v) = v + 93. Give m(183).
276
Let u(d) = d**3 + 147*d**2 + 211*d + 9499. Determine u(-146).
9
Let s(i) = i**2 - 16641*i - 116536. Give s(-7).
0
Let l(x) = x**3 + 139*x**2 + 701*x - 12903. Determine l(-133).
-2
Let x(z) = -z**2 - 452*z - 3146. Calculate x(-7).
-31
Let a(o) = 8996*o - 1151502. What is a(128)?
-14
Let u(r) = -6*r**2 - 473*r + 256751. Calculate u(-250).
1
Let d(f) = -657*f**2 - 3755*f + 6. Give d(-5).
2356
Let w(p) = 8*p**2 - 861*p + 11653. Give w(14).
1167
Let l(p) = 3*p**2 - 96*p - 2301. Calculate l(65).
4134
Let h(f) = -7*f**2 - 135*f + 6951. Calculate h(22).
593
Let o(x) = -x**2 + 181358*x - 1632061. Calculate o(9).
80
Let n(i) = 852*i + 3428. Calculate n(-4).
20
Let m(f) = 461*f**2 + 29040*f - 194. Determine m(-63).
-5
Let i(b) = b**3 + 268*b**2 - 798*b + 4070. Determine i(-271).
5
Let c(t) = 34*t**3 + 231*t**2 - 46*t + 15. What is c(-7)?
-6
Let r(p) = -1932*p - 170025. What is r(-88)?
-9
Let o(r) = 7*r**3 + 4*r**2 - 141*r + 738. Calculate o(5).
1008
Let s(a) = 38*a**3 - 227*a**2 + a - 33. Calculate s(6).
9
Let c(f) = f**3 + 4507*f**2 + 44960*f - 100. Determine c(-10).
0
Let k(p) = 5*p**2 + 547*p + 2163. Give k(-104).
-645
Let r(p) = 2752*p - 236681. What is r(86)?
-9
Let a(w) = 1353*w + 5189. Give a(-4).
-223
Let h(d) = -43259*d + 129775. Give h(3).
-2
Let k(a) = -1728*a - 77832. What is k(-45)?
-72
Let y(d) = 444*d + 49651. What is y(-112)?
-77
Let k(o) = -3*o**2 + 406*o - 445. Determine k(133).
486
Let q(s) = 3926*s - 145287. Calculate q(37).
-25
Let d(k) = -31217*k - 24661429. What is d(-790)?
1
Let k(r) = 3*r**2 - 1317*r - 124571. What is k(-80)?
-11
Let j(u) = -1325*u**2 - 49030*u - 259. Give j(-37).
-74
Let k(a) = -44*a**2 + 4804*a - 23695. Calculate k(104).
17
Let i(w) = -1725*w - 3. Determine i(0).
-3
Let l(k) = -k**2 + 22190*k - 177459. Give l(8).
-3
Let s(q) = 71*q**3 - 290*q**2 - 5*q + 13. Give s(5).
1613
Let a(p) = 13*p**2 + 195*p - 82. What is a(-13)?
-420
Let o(y) = 6*y**2 + 1221*y + 13141. Give o(-11).
436
Let r(t) = -22152*t + 1417721. Give r(64).
-